actors of 1702007497.
53, 643, 49943
List the prime factors of 531423629.
11, 5087, 9497
What are the prime factors of 1150108121?
1150108121
List the prime factors of 111932017.
6037, 18541
List the prime factors of 96887274.
2, 3, 11, 1467989
List the prime factors of 230743172.
2, 11, 179, 29297
List the prime factors of 2605936421.
11, 10037, 23603
What are the prime factors of 933292718?
2, 466646359
What are the prime factors of 303802126?
2, 151901063
List the prime factors of 24480571.
24480571
What are the prime factors of 1270498170?
2, 3, 5, 1321, 32059
List the prime factors of 1235356627.
757, 1631911
What are the prime factors of 91321655?
5, 569, 32099
What are the prime factors of 345354307?
53, 6516119
List the prime factors of 55503427.
7, 19, 59617
List the prime factors of 565813785.
3, 5, 37720919
What are the prime factors of 536547480?
2, 3, 5, 7, 271, 2357
List the prime factors of 427723652.
2, 106930913
List the prime factors of 1854509738.
2, 47, 1201, 16427
List the prime factors of 1088509298.
2, 479, 1136231
List the prime factors of 150313167.
3, 17, 197, 4987
List the prime factors of 61146891.
3, 13, 522623
List the prime factors of 1835714.
2, 89, 10313
List the prime factors of 2647442326.
2, 53, 24975871
List the prime factors of 50215825.
5, 11, 182603
List the prime factors of 29693742.
2, 3, 13, 617
What are the prime factors of 112286473?
13, 51109
What are the prime factors of 409778319?
3, 17, 8034869
List the prime factors of 364063129.
29, 12553901
List the prime factors of 45997812.
2, 3, 7, 167, 1093
List the prime factors of 87360605.
5, 17472121
List the prime factors of 185192904.
2, 3, 13, 45659
List the prime factors of 20614465.
5, 4122893
List the prime factors of 98194711.
98194711
What are the prime factors of 8184289113?
3, 7, 11, 13, 27529
List the prime factors of 1142552722.
2, 571276361
What are the prime factors of 76076028?
2, 3, 7, 61, 101
What are the prime factors of 10844409?
3, 79, 45757
What are the prime factors of 42366082?
2, 11, 47, 40973
What are the prime factors of 51434446?
2, 7, 467, 7867
List the prime factors of 4481913950.
2, 5, 89638279
What are the prime factors of 25228414?
2, 12614207
List the prime factors of 766959558.
2, 3, 127826593
List the prime factors of 9030556.
2, 2257639
List the prime factors of 27341678.
2, 7, 13, 17, 8837
List the prime factors of 4540056052.
2, 7, 162144859
What are the prime factors of 2282110836?
2, 3, 190175903
What are the prime factors of 89706280?
2, 5, 17, 29, 4549
List the prime factors of 43399878.
2, 3, 17, 425489
What are the prime factors of 452570528?
2, 43, 67, 4909
What are the prime factors of 46284422?
2, 23142211
What are the prime factors of 396473439?
3, 17, 73, 109, 977
What are the prime factors of 3102900277?
3102900277
List the prime factors of 6792226.
2, 7, 109, 4451
List the prime factors of 2185646929.
2185646929
List the prime factors of 1353219401.
11071, 122231
What are the prime factors of 39396286?
2, 23, 856441
List the prime factors of 129482857.
7, 18497551
What are the prime factors of 372679777?
163, 2286379
List the prime factors of 889501294.
2, 11, 40431877
List the prime factors of 77085602.
2, 11, 3503891
List the prime factors of 192026566.
2, 96013283
List the prime factors of 6169786561.
6169786561
What are the prime factors of 27203008?
2, 7, 41, 1481
List the prime factors of 148656765.
3, 5, 887, 11173
What are the prime factors of 1317054888?
2, 3, 23, 795323
List the prime factors of 58254952.
2, 7, 23, 31, 1459
What are the prime factors of 2616427355?
5, 523285471
What are the prime factors of 363975121?
7207, 50503
What are the prime factors of 95869314?
2, 3, 5326073
What are the prime factors of 264967475?
5, 23, 460813
What are the prime factors of 13491155?
5, 2698231
What are the prime factors of 22783394?
2, 19, 103, 5821
List the prime factors of 161231607.
3, 37, 251, 643
What are the prime factors of 2592006697?
7, 370286671
What are the prime factors of 473093432?
2, 7, 67, 18013
List the prime factors of 3749324802.
2, 3, 59, 2311, 4583
List the prime factors of 82849596.
2, 3, 6904133
What are the prime factors of 360897549?
3, 173, 695371
List the prime factors of 443219606.
2, 67, 3307609
List the prime factors of 509406910.
2, 5, 19, 157, 17077
List the prime factors of 569680977.
3, 73, 1489, 1747
List the prime factors of 278598401.
278598401
What are the prime factors of 446297640?
2, 3, 5, 83, 44809
What are the prime factors of 4217433983?
7, 103, 5849423
What are the prime factors of 149461326?
2, 3, 7, 167, 7103
What are the prime factors of 191029800?
2, 3, 5, 13, 19, 1289
List the prime factors of 8192034.
2, 3, 199, 2287
What are the prime factors of 255136361?
255136361
List the prime factors of 79212103.
79212103
List the prime factors of 47106775.
5, 233, 8087
List the prime factors of 1065396758.
2, 1879, 283501
List the prime factors of 1631996746.
2, 13187, 61879
What are the prime factors of 1496833149?
3, 7, 1051, 67819
List the prime factors of 831242810.
2, 5, 509, 163309
List the prime factors of 755718787.
19, 59, 523, 1289
List the prime factors of 300555468.
2, 3, 2782921
What are the prime factors of 2461501579?
1567, 1570837
List the prime factors of 1592309193.
3, 19, 47, 594367
What are the prime factors of 23623258?
2, 11811629
What are the prime factors of 363871655?
5, 7, 17, 611549
What are the prime factors of 252378564?
2, 3, 31, 678437
List the prime factors of 2879160753.
3, 7, 41, 383, 8731
What are the prime factors of 155990947?
7, 83, 268487
List the prime factors of 24289502.
2, 12144751
List the prime factors of 81069190.
2, 5, 43, 188533
List the prime factors of 17087653.
11, 1553423
What are the prime factors of 268955918?
2, 7, 11, 29, 60223
What are the prime factors of 94077044?
2, 29, 433, 1873
What are the prime factors of 10654809?
3, 11, 61, 67, 79
What are the prime factors of 67214682?
2, 3, 3734149
List the prime factors of 573711713.
1399, 410087
What are the prime factors of 584798667?
3, 23, 43, 197101
List the prime factors of 688098.
2, 3, 73, 1571
List the prime factors of 8607571.
7, 53, 23201
What are the prime factors of 224600426?
2, 112300213
List the prime factors of 875821770.
2, 3, 5, 691, 14083
What are the prime factors of 1415111404?
2, 7, 101, 500393
List the prime factors of 1252108673.
1252108673
What are the prime factors of 30082665?
3, 5, 37, 67, 809
What are the prime factors of 2258679301?
691, 3268711
What are the prime factors of 754963300?
2, 5, 7, 13, 82963
What are the prime factors of 42761384?
2, 5345173
List the prime factors of 2815382155.
5, 17, 33122143
What are the prime factors of 3646774553?
149, 24474997
List the prime factors of 65301039.
3, 2418557
What are the prime factors of 534696260?
2, 5, 7, 3819259
What are the prime factors of 357157431?
3, 151, 29201
What are the prime factors of 318486443?
11, 67, 432139
List the prime factors of 2742540469.
29, 94570361
What are the prime factors of 48916178?
2, 24458089
What are the prime factors of 4690735?
5, 7, 23, 5827
List the prime factors of 7426159500.
2, 3, 5, 19, 23, 11329
What are the prime factors of 3967342714?
2, 1983671357
What are the prime factors of 73190489?
19, 3852131
What are the prime factors of 43552168?
2, 11, 41, 12071
What are the prime factors of 3001755979?
241, 12455419
What are the prime factors of 778985973?
3, 137, 317, 1993
What are the prime factors of 89261171?
307, 479, 607
What are the prime factors of 1187889035?
5, 237577807
What are the prime factors of 965539976?
2, 8353, 14449
What are the prime factors of 1022630?
2, 5, 7, 2087
What are the prime factors of 93531201?
3, 31177067
What are the prime factors of 464436979?
7703, 60293
What are the prime factors of 232168855?
5, 41, 383, 2957
What are the prime factors of 35638259?
4111, 8669
What are the prime factors of 11441550?
2, 3, 5, 83, 919
List the prime factors of 166728226.
2, 7, 11909159
What are the prime factors of 3479155130?
2, 5, 11, 61, 163, 3181
List the prime factors of 4226538.
2, 3, 53, 13291
List the prime factors of 1886378927.
1886378927
List the prime factors of 2663402253.
3, 29, 30613819
What are the 